ivisor of b and 12.
12
Suppose -35*o + 33*o + 44 = 0. Suppose y - o = 6*k - 5*k, 3*k + 12 = 0. Calculate the greatest common factor of 126 and y.
18
Let m be 2/(-8) - 496/64. Let w(o) = -7*o + 10. Let z be w(m). Calculate the greatest common divisor of z and 6.
6
Let x = -3 - -8. Suppose -x*w - 16 + 66 = 0. Let v = 83 + -33. Calculate the greatest common divisor of w and v.
10
Suppose i = -8*m + 10*m - 43, -4*m - i = -101. What is the highest common divisor of 336 and m?
24
Suppose -2*b + q = -7, 0 = -b + q + 4. Let y = 30 - 14. Suppose 2*o = b*o - y. Calculate the highest common divisor of o and 8.
8
Suppose -2*v + 5*l = -10, l - 3*l = 0. Suppose -v*h - 3*g = -244, 248 = 6*h - h + g. Calculate the greatest common divisor of 125 and h.
25
Suppose x + 9*c - 154 = 13*c, 0 = 3*c + 3. Calculate the greatest common factor of x and 60.
30
Suppose 7*d - 70 = -14. Suppose d = -8*k + 64. Calculate the greatest common factor of 14 and k.
7
Let x(p) = p - 4 - 2*p - 10*p - p**2. Let u be x(-10). Let z be (-12)/(-8)*260/u. Calculate the greatest common divisor of z and 26.
13
Suppose 0 = k - 448 - 410. Suppose 8*v - 19*v + k = 0. Calculate the highest common factor of 13 and v.
13
Let k be 4032/24 - (-2 - -3 - 2). Calculate the greatest common factor of k and 52.
13
Let s be (-2)/(-8) + 238/8. Let j(r) = -r + 4. Let x be j(-6). Suppose -20 = -2*m + x. Calculate the highest common factor of m and s.
15
Suppose -x = z - 103 - 25, 3*x = z - 128. Calculate the greatest common divisor of z and 32.
32
Let j be 22/33 - (-2)/6. Let k be ((-54)/6)/(j/(-11)). Suppose -39 + k = 2*f. What is the highest common factor of f and 12?
6
Suppose -4*j + 3*d = -812 + 297, -265 = -2*j + 3*d. Suppose -j = -b + 2*i, i + 31 + 324 = 3*b. What is the highest common divisor of 13 and b?
13
Suppose 6*n - 8 = 2*n. Let i be 1 + 3/(2 + -5). Suppose i*f = f - 1. Calculate the highest common divisor of f and n.
1
Let b(a) = -a**2 - 23*a - 46. Let j be b(-6). Let x = -17 + 25. What is the highest common divisor of x and j?
8
Suppose -2*v + 10*v = 312. What is the highest common divisor of v and 611?
13
Suppose -q - 3 = 0, -200 = -8*d + 4*d + 4*q. Let m be (1 - 5)*3/(-6). Let s be d - ((-2)/m - 0). Calculate the greatest common factor of s and 16.
16
Let a = -1852 + 1893. Calculate the highest common divisor of a and 1681.
41
Let t = -13 + 18. Suppose w + 54 = 2*g, -62 = -2*g + 2*w + w. Suppose -5*s + t*o = -g, -o = 3*s + 4*o - 23. Calculate the greatest common factor of s and 54.
6
Let d(k) = -24*k + 475. Let w be d(19). Calculate the highest common factor of 19 and w.
19
Let l(g) = 2*g**2 + 9*g - 3. Let j be l(-5). Let k be 6/j + -2 + 24. Calculate the greatest common factor of k and 75.
25
Let o be (-2)/4 + (-10)/(-4). Let q be 18 - (7 + (-1 - o)). What is the highest common factor of 14 and q?
14
Suppose -2*b = -51 + 1. Suppose 3*i + b - 8 = 2*n, -i - 3 = 2*n. Suppose -4*a = -3*j - 7, 4*j = 2*a + 5 - n. What is the greatest common divisor of 16 and a?
4
Let q = 464 - 440. What is the highest common factor of 8 and q?
8
Let u be -1*1 - (0 - 4). Let a be u/(-1) + 2 - -5. Suppose -t = a*t - 5. What is the highest common factor of t and 7?
1
Suppose 0 = 23*l - 1746 + 366. Calculate the greatest common divisor of l and 150.
30
Suppose 5*p = -5*h - 55, -3*p + 5*h - 25 = 2*p. Let n = p + 23. Suppose 54 - 10 = 4*r - 4*z, -4*r + 42 = -2*z. What is the highest common factor of n and r?
5
Let f = 120 - 22. Calculate the greatest common divisor of f and 49.
49
Let r(o) = -2*o**2 + 3*o**2 - 34*o + 31*o + 3. Let a be r(3). Suppose 4*n = -3*v + 78, -v - 23 = -n - 0*v. Calculate the greatest common divisor of a and n.
3
Let g(x) = -2*x**2 + 21*x + 44. Let z be g(8). Calculate the greatest common divisor of 12 and z.
12
Let q(m) = m**2 + 20*m + 21. Let b be q(-19). Suppose -j + 165 = b*j. Calculate the greatest common factor of j and 11.
11
Let a(v) = v**2 + 5*v. Suppose 4*t = -5*x + 21, 2*t - x = -3*t + 19. Let u be a(t). Let o = 389 - 383. What is the greatest common divisor of u and o?
6
Let z(m) be the third derivative of m**4/6 - 4*m**3/3 + 5*m**2. Let y be z(6). Calculate the highest common factor of 40 and y.
8
Let a = 14 - -17. Let k = -18 + a. Let o(w) = 5*w - 11. Let t be o(k). Calculate the greatest common divisor of t and 6.
6
Let f = 590 - 482. Suppose 0 = 2*b - b + 3*j - 15, j = -b + 11. What is the highest common divisor of f and b?
9
Suppose -15 = 6*d - d. Let k be (-58)/(-1*d/(-3)). Let y be k - ((5 - 3) + 0). Calculate the greatest common divisor of y and 8.
8
Let t be ((-2)/(-4))/(1/2). Let v(l) = l**2 + 3*l - 16. Let m be v(3). Suppose 2*g - 8 = -2*g, -8 = -m*o - 3*g. What is the highest common divisor of t and o?
1
Let c(t) = t**3 - 3*t**2 - 28*t + 15. Let p be c(7). What is the highest common factor of 20 and p?
5
Let r = -10 + 1. Let b(n) = -2*n**2 - 20*n. Let v be b(r). What is the greatest common divisor of 36 and v?
18
Suppose 2*d + 0*d - 9 = -f, 0 = f + d - 10. Let a(v) = v**3 - 5*v**2 + 2. Let q be a(5). Suppose r + 22 = q*r. Calculate the greatest common divisor of f and r.
11
Let z(b) = -6*b - 12. Let w be z(-4). Suppose 8*n + 20 = w*n. What is the greatest common divisor of n and 20?
5
Let g = 1 + 0. Let f be g/(3*(-1)/(-6)). Let s be -2 + -3 + f + 15. Calculate the highest common factor of s and 48.
12
Let x(w) = -w**3 + 7*w**2 - w + 5. Let y be x(7). Let l be y/5 - 1714/(-10). What is the greatest common divisor of l and 19?
19
Let f(b) be the second derivative of -b**5/20 + b**2/2 - b. Let p be f(0). Let q = -54 - -62. What is the highest common divisor of q and p?
1
Suppose -2*z - o + 3 + 0 = 0, -5*o = -2*z - 15. Suppose z*x = 5*x - 280. What is the greatest common factor of 14 and x?
14
Let o(s) = -11*s**3 - 5*s**2 - 7*s - 5. Let k be o(-2). Let t be -14*(6/(-4) + 1). Calculate the highest common factor of k and t.
7
Let b(t) = -2*t + 21. Let k be b(9). Suppose -3*q - l = 2*q - 8, k*q + 2*l = 2. What is the highest common factor of q and 26?
2
Let s be (31/(-62))/((-2)/108). What is the highest common divisor of 36 and s?
9
Suppose 2 = -2*t + 6. Suppose 0 = t*o - 137 + 17. What is the highest common divisor of o and 24?
12
Suppose -170 = -4*g - g + 4*s, -s - 65 = -2*g. Let q = 161 + -151. What is the greatest common factor of g and q?
10
Let g(n) = -n**3 - n**2 + 6*n + 12. Let z be g(-2). Let s be 5/3 - (-4)/(-6). What is the highest common factor of z and s?
1
Let u be (1728/(-24) - -27)*2/(-6). Let x(n) = 84*n - 3. Let q be x(2). What is the highest common factor of q and u?
15
Let k(x) = -50*x - 338. Let m be k(-7). Calculate the highest common divisor of m and 492.
12
Suppose -s - 2*l + 286 = -0*l, -3*s = -3*l - 858. Suppose x + 41 = s. What is the greatest common divisor of x and 35?
35
Let g be 2/6 + (-47)/(-3). Let t be (-24)/(-6)*-1 - -8. Calculate the greatest common divisor of g and t.
4
Let c be 8/((-2 + 0)/(-8)). Let g = 34 - c. Suppose g*j - 7 = 5. Calculate the greatest common factor of j and 2.
2
Suppose -7 + 17 = 2*d. Suppose 0 = s + d*i - 3, -s - 3*i + 3 = -0*i. Suppose 0*q = -s*q + 33. Calculate the highest common factor of q and 44.
11
Let y = 36 + 16. What is the highest common factor of 52 and y?
52
Let s(p) = p**3 + p**2 + 2*p - 2. Let u be 1 + -4 - (-3 - -1). Let m(j) = -j + 1. Let o be m(u). Let y be s(o). Calculate the highest common factor of y and 28.
14
Suppose 0 = -k + 2*z + 40, -8*k - 2*z + 224 = -3*k. What is the highest common factor of k and 4?
4
Let n(v) be the second derivative of -9*v**3/2 + 17*v**2/2 + 11*v. Suppose k - 4*k - 12 = 0. Let c be n(k). Calculate the highest common divisor of c and 50.
25
Suppose -4*g = -3*c - 504, -16*c + 18*c = -5*g + 630. Calculate the highest common factor of 1827 and g.
63
Let o(c) = c**3 - 5*c**2 - 5*c - 4. Let j be o(6). What is the greatest common divisor of j and 7?
1
Let k(t) = 4*t**2 - 4*t**2 - 7 + t**3 + 6*t**2 + 3 + 5*t. Let p be k(-5). Let z be 28 + -6*(-2)/p. What is the highest common divisor of z and 25?
25
Let i be 49/(-7) + (642 - -1). What is the highest common divisor of i and 12?
12
Suppose -2*r + 0 = 8. Let d be r - -12 - (-2)/2. Suppose 3*x - 6*x + 297 = 0. What is the highest common factor of d and x?
9
Let b(g) = g**2 + 10*g - 79. Let j be b(6). Let q(x) = -118*x**3 - x. L